. Let j be h(3). Let m(z) = z**3 - 3*z**2. Let d be m(j). Let b = -8 + d. What is the units digit of b?
8
Let b(n) = 2*n**2 + 15*n + 19. Let z be b(-7). Suppose -25 - z = -r. What is the units digit of r?
7
Let p(n) = -143*n + 124. What is the tens digit of p(-3)?
5
Let q(i) = 2*i**2 + 8*i - 6 - 1 + 3*i**2 - 6*i**2. Let x be q(7). Let r = x + 1. What is the units digit of r?
1
Let y(a) = 7 - 13 + 13*a - 7 - 18*a. Let p(m) = -9*m**3 + 2*m**2 - 1. Let w be p(1). What is the units digit of y(w)?
7
Let w be (-6)/14 + (-76)/(-14). Suppose 5*o - w*i - 141 = -6*i, -2*o + 58 = 2*i. What is the tens digit of o?
2
Suppose -54 = -2*n - 636. Let w = 505 + n. What is the hundreds digit of w?
2
Let c be (-279)/(-54) - 2/12. Suppose c*l + 4*f + 5 = 131, -2*l + f + 53 = 0. What is the units digit of l?
6
Suppose m = -4*o + 17, 3*m + 4*o + 1 = 28. Suppose 279 = m*n - b, 2*n - 3*b - 108 = b. What is the tens digit of n?
5
What is the units digit of 1 + 537 - ((-5)/5 - -4)?
5
Let o(t) = -t**3 - 14*t**2 - 29*t - 94. What is the tens digit of o(-19)?
6
Let d be 1 + (18 - 3)/5. Suppose 17 = -p - 3*c + 62, d*p - 194 = -5*c. Let r = 28 + p. What is the tens digit of r?
7
Let c(v) = 3*v**2 + 56*v - 127. What is the units digit of c(-27)?
8
Let f = -511 + 801. Let i = f + -114. Suppose -2*q = -7*q - 5*x + 235, -i = -4*q + 2*x. What is the units digit of q?
5
Suppose -3*v = 4*i - 197 + 46, i - 104 = -2*v. Suppose -v = 7*y - 662. What is the tens digit of y?
8
Suppose -3*z - z - 100 = -3*x, 3*x - 95 = 5*z. What is the tens digit of (-15)/10*x/(-3)?
2
What is the thousands digit of ((-84)/(-63))/((-2)/(-1797))?
1
Suppose 0 = -4*y - 4*w + 4184, -5*y + w + w + 5230 = 0. What is the thousands digit of y?
1
Let k(v) = 44037 + 0*v - v**3 - 44036 + v**2 + 5*v. Let q(u) = 3*u + 3. Let d be q(-2). What is the units digit of k(d)?
2
What is the tens digit of (-1278)/(-9)*2/2?
4
Suppose 0 = 6*d - 5*d + 2. Let m(c) = -20*c**3 - c**2 - 3*c + 2. What is the tens digit of m(d)?
6
Let l = -5511 + 8310. What is the tens digit of l?
9
Suppose -3*w + 5*w = 4. Suppose -c = 4*c + 4*t - 245, 2*t = w*c - 80. What is the tens digit of c?
4
Let o = 1165 + -381. What is the hundreds digit of o?
7
Let l(t) = -t**2 + 7*t + 12. Let u(n) = n + 1. Let g(c) = l(c) - 5*u(c). Let y(d) be the first derivative of g(d). What is the units digit of y(-10)?
2
Let s(z) be the first derivative of z**3/3 + 9*z**2/2 - 16*z - 23. What is the units digit of s(8)?
0
Let z = 80 + -4. What is the tens digit of z?
7
Suppose 175 - 53 = 2*r. Let o = 111 - r. What is the tens digit of o?
5
Suppose 2 = g - 1. Suppose -g*y - 86 = -3*c + 2*y, y + 1 = 0. Suppose b - 4*b + 88 = 4*o, -o - 2*b + c = 0. What is the units digit of o?
9
Suppose 30424 = -124*u + 132*u. What is the tens digit of u?
0
Suppose -s = 3*d + 11, -d = 2*d - 4*s - 14. Let q = -5 - 7. What is the tens digit of d/3*q*2?
1
Let w(z) = -387*z + 626. What is the hundreds digit of w(-10)?
4
Suppose 5*a - 4*a = 2. Suppose 3*v - 299 = -4*n, -3*n + 152 = -n + a*v. What is the tens digit of n/3 - (-2)/(-3)?
2
Let w(i) = i**2 + 68*i - 6. What is the units digit of w(7)?
9
Let a = 8 - 6. Let j(n) = -4*n**2 + 2*n + 5*n**a - 14 - 5*n. What is the units digit of j(9)?
0
Let r = -22 - -25. Suppose -x - 1225 = -4*l, -4*x + 890 = r*l + x. What is the units digit of l?
5
Let n(f) = -f**3 + 17*f**2 + 37*f + 11. What is the units digit of n(17)?
0
Let m be (-6)/5*20/(-6). Suppose -p = 2*k + 1893, -m*k - 4*p - 2312 = 1480. What is the units digit of (6/(-15))/(9/k)?
2
Let k = 108 - 156. Let b(l) = 2*l**3 + 3*l**2 - 2. Let c be b(3). Let x = c + k. What is the units digit of x?
1
Let y(d) = -2*d - 6. Let p be y(-5). Suppose -5*a - 4*a + 720 = 0. Suppose p*m - a = -0*m - r, -5*m = -2*r - 87. What is the tens digit of m?
1
Suppose 78 = -3*i + i. What is the tens digit of (-32)/8 - 1*i?
3
Let u = -1087 + 2130. Suppose 0 = 5*p - u - 392. What is the hundreds digit of p?
2
Let x be ((-122)/4)/(2/(-4)). Let p(f) = -f**3 - 6*f**2 - 6*f - 1. Let g be p(-5). Suppose -x = -5*b + g*j, 2*j - 5 = -b + j. What is the units digit of b?
9
What is the tens digit of (-8)/100 - (-269126)/325?
2
Suppose -5*l - 97 = 2*q - 325, -5*q - 51 = -l. Suppose -b + 3*s = 3*b - 129, -b + l = 2*s. What is the tens digit of b?
3
What is the units digit of -2 + (-106)/4*-26?
7
Suppose 0 = -5*k + 206 + 409. Suppose -c - 3 + 8 = 0. Suppose 2*g = c + 1, -5*u = g - k. What is the tens digit of u?
2
Let m = 53 - 83. Let q = -16 - m. Suppose -3*v = -5*s + q, -3*v - 22 = -4*v - 5*s. What is the units digit of v?
2
Suppose k + 4 = -3*n - 7, 3*k = 2*n + 22. Let u(x) = 8*x**2 - x + 16. What is the units digit of u(k)?
0
Let p be (-18)/(-81) - (-20)/(-9). What is the tens digit of 1 + p/(-4)*100?
5
Suppose -5*z - 20 = 0, 0*s - z = 2*s - 2. Let u be 0 + -3 - (-3 + (1 - 3)). Suppose q = u*r - 21, s*r - 3*q - 24 - 15 = 0. What is the units digit of r?
8
Suppose -3*k + 2048 = 5*s - 2134, 2*s - 3*k = 1677. What is the tens digit of s?
3
Let y be (11 + -1)*(-2 - -3). Let s be 4/(-20) - (-242)/y. What is the units digit of (s/30)/((-2)/(-5))?
2
Let j(t) = -t**2 + 10*t - 5. Suppose -7*m + 3 = -46. What is the tens digit of j(m)?
1
Suppose 584376 = 12*v + 92*v. What is the hundreds digit of v?
6
Suppose 0 = -w - 4*z + 4, -5*w - 4*z - 1 + 5 = 0. Suppose w*i - 16 = -2*i. What is the units digit of (34/i)/((-4)/(-16))?
7
Let d(f) = 4*f**2 - 133*f + 172. What is the tens digit of d(39)?
6
Let s = 8 + -8. Suppose s*b + 18 = b. Suppose -3*k + 12 + b = 0. What is the units digit of k?
0
Suppose 28*d + 415 = 59803. What is the units digit of d?
1
Let n be ((-244)/4)/((-2)/2). Let o = -6 + -30. Let a = n + o. What is the units digit of a?
5
Let b = 90 + 57. What is the units digit of b?
7
Suppose 0*f = -f + 5*l + 63, -2*f - l + 137 = 0. What is the units digit of (f/(-85))/(1/(-20))?
6
Let v be (3/(-4))/(10/(-40)) + -169. Let n = -161 - v. What is the units digit of n?
5
Let k = 5 - 7. Let r be ((-6)/(-4))/(k/60). What is the units digit of (81/r)/((-6)/20)?
6
Suppose -4 = l - 5*v, -2*l - v = -0*l - 3. Suppose -5*t = -5*n + 190, 4*t = 9 - l. What is the tens digit of n?
4
Let x = 15 + -12. Suppose 0 = 2*y - 3*q - 78, 5*y - x*q = 80 + 106. What is the tens digit of y?
3
Suppose -3*t + 4*t = 138. Suppose t = 4*d + 6. What is the units digit of d?
3
What is the hundreds digit of ((-46)/(-69))/(((-1)/639)/(-1))?
4
Suppose -1 = 5*q - 6*q. Let k be (-7 + 1)*q/(-2). Suppose 5*r - 74 = g, 4*r = k*r + 2*g + 13. What is the units digit of r?
5
Let h be 8/(2/4 - (-6)/4). What is the tens digit of ((-25)/h - (-3 - -4))*-8?
5
Let v = 1381 - -686. What is the tens digit of v?
6
Suppose 5*z - 2*z - 2057 = -2*c, -5*z + 3423 = -2*c. What is the units digit of z?
5
Let r be 11/(-9) - 2/(-9). Let k(s) be the third derivative of -13*s**6/60 + s**5/60 + s**4/24 - 7*s**2. What is the units digit of k(r)?
6
Suppose -10*z = -13*z - 3*u + 21, 3*z + 2*u = 18. Suppose z*j = -2*k + 388, -2*k - 3*j = -315 - 72. What is the tens digit of k?
9
Suppose 3*n + 3*t = -n - 29, 35 = -4*n - 5*t. Let f(x) = -x**2 + 4*x - 2. Let u be f(n). Let o = u - -70. What is the tens digit of o?
2
Let h be ((-404)/(-6))/((-10)/(-15)). Let z = h - -15. Suppose -7*a = -3*a - z. What is the units digit of a?
9
Suppose 74 = -6*a - 16. Let x(j) = 2*j**2 + 20*j - 13. What is the tens digit of x(a)?
3
Let f be (-4)/(2 - 46/24). What is the tens digit of (9/2)/((-4)/f)?
5
Let i(b) = 3*b**2 - 23*b + 19. What is the units digit of i(14)?
5
Let v(w) = -4*w**3 + 5*w**2 - 8*w - 7. Let s(g) = 12*g**3 - 14*g**2 + 23*g + 20. Let r(y) = -6*s(y) - 17*v(y). What is the units digit of r(-1)?
4
Let l be (5/(10/333))/(5/10). Let c = -164 + l. What is the hundreds digit of c?
1
Let d = -1523 - -2134. What is the hundreds digit of d?
6
Let z(l) be the third derivative of 5*l**4/8 - 7*l**3 - 20*l**2. What is the tens digit of z(6)?
4
Let a be (-46)/(-14) - 12/42. Suppose -5*v + a*v - 3*t = -72, v - 43 = -5*t. What is the units digit of v?
3
Let p = 1313 + -224. What is the thousands digit of p?
1
Let z(l) = -l - 43. Let g be z(-19). What is the hundreds digit of 372/(-1)*8/g?
1
What is the tens digit of 74691/39 - (-2)/(-13)?
1
Let o = 335 + 74. What is the tens digit of o?
0
Let z = -20 - -61. Suppose 6*p = 5*p + 